l(0)?
3
Let v(w) = 2*w - w + 11 + 0*w. Let i = 0 - -9. What is the tens digit of v(i)?
2
Let n(b) = b**3 - 11*b**2 + 11*b - 6. Let w be n(10). What is the units digit of (-5 + 8)/(w/8)?
6
Let z(y) = 79*y**2 + 2*y + 1. What is the units digit of z(-1)?
8
Suppose -23*l + 16464 = 5*l. What is the units digit of l?
8
Suppose -3*b = 2*y - 7528, 4*b + 5069 - 15101 = -4*y. What is the thousands digit of b?
2
Let l be (-3)/(5/((-1400)/(-12))). Let n = l + 145. Suppose 0 = -2*m + 39 + n. What is the tens digit of m?
5
Let x = 124 + -52. What is the tens digit of 9*4/x*-2*-111?
1
Let m(b) = -2*b**2 - 6*b - 1. Let t be m(-6). Let k = t + 143. What is the hundreds digit of k?
1
Let l = 355 + -198. What is the hundreds digit of l?
1
Suppose 0 = 4*k - 12. Suppose k*f - 5*f + 36 = 0. Suppose 3*d = f - 0. What is the units digit of d?
6
Let j be 6 - -9 - (6 + -1). Suppose -9*n = -j*n + 153. What is the tens digit of n?
5
Suppose 0 = -x + 5*x + 40. Let a be 6/(-30)*(1 + -156). Let s = x + a. What is the units digit of s?
1
Let s(f) = 17*f + 142 + 7*f - 21*f. What is the units digit of s(0)?
2
Let w(v) = 9*v**2 + 24*v + 19. What is the hundreds digit of w(8)?
7
Suppose 0 = j - 33*j + 64992. What is the thousands digit of j?
2
Suppose 0 = -2*a + s + 193, 2*a - 237 + 29 = -2*s. What is the units digit of a?
9
What is the units digit of (-2)/5*(-47 + -58)?
2
Suppose -9*m - s = -4*m - 20364, -2*s - 20352 = -5*m. What is the tens digit of m?
7
Suppose 0 = -5*u - 2*b + 823, -2*u - 4*b + 111 = -215. Let o = u - 136. What is the tens digit of o?
2
Let s be 6/2 - (-7 - -6). Suppose 2*x + s*f + 1 = 3*f, 0 = 5*x + 2*f. Suppose -58 = -r + 3*u, 0*r - 108 = -x*r + 2*u. What is the tens digit of r?
5
Let t(r) = -r**3 + 5*r**2 - 3*r + 3. Let a be t(3). Let p = a + -12. Suppose -2*k + 187 - 23 = p. What is the tens digit of k?
8
Suppose 125609 = 108*u - 132079. What is the thousands digit of u?
2
Let y(w) = -114*w + 196. What is the tens digit of y(-27)?
7
Suppose -2735 = -k - 5*b, -4*k = b - 818 - 10065. What is the units digit of k?
0
Suppose 4*q + 3*l = 1161, -3*l + 8*l - 1450 = -5*q. What is the hundreds digit of q?
2
Suppose 4*t - 3*r - 300 - 455 = 0, -3*t = 5*r - 588. Let k = t - 64. What is the tens digit of k?
2
Let g be 0 - -2 - (6 + -4). Suppose 0 = -4*n + 3*n + 2. Suppose n*k + 0*k = -4*q + 30, 4*k - 2*q - 70 = g. What is the tens digit of k?
1
Let k(a) = a**2 - 13*a + 4. Let w be k(12). Let y(j) = 2*j + 4. Let d be y(w). What is the units digit of (-79)/(-3) - 8/d?
7
Let i(v) = v - 1. Let j be i(4). Suppose 5*p + 191 = 3*g, 375 = 2*g + 3*g + j*p. What is the tens digit of g?
7
Suppose 4*u + 124 = -8. What is the hundreds digit of (-7485)/u + 2 + 4/22?
2
Let a = 11 + 10. Let j = a + -21. Suppose v - 8 - 39 = j. What is the units digit of v?
7
Suppose -w = -5*w + 28. Suppose -2*s + 5*i + 13 = 0, 0 = -2*s + s + 3*i + w. Suppose -9 = s*t - 137. What is the tens digit of t?
3
Let t be 6/(-5)*(-1 - 4). Let u(p) = p**3 + 18*p**2 + 9*p + 164. Let i be u(-18). What is the tens digit of -8 + t + 58/i?
2
What is the hundreds digit of -6*(6064/12)/(-2)?
5
Let g(k) = 37*k**2 + 130*k - 742. What is the thousands digit of g(6)?
1
Suppose -v + 3055 = -5*g, -3*g = 13*v - 11*v - 6110. What is the tens digit of v?
5
Suppose 2*p = b - 7, -5*p + 2*b = 3*b. Let w = 2 - p. Suppose -17 = w*s - 53. What is the tens digit of s?
1
Suppose -3*a + 20 + 13 = 0. Let m(u) = -3*u**2 - 3*u + 3. Let x be m(3). What is the units digit of (-2)/a + (-1194)/x?
6
Let r(k) = -6*k**2 + 13*k + 15. Let h be r(12). What is the tens digit of 12/48 - h/12?
5
Suppose 3576*y = 3568*y + 26520. What is the tens digit of y?
1
Let r be (3 - 4) + (-3 - -1). Let w = -1 - r. What is the tens digit of (-7)/(14/(-64)) + w?
3
Let t(r) = -r**3 + 10*r**2 + 3. Let h be t(10). Suppose h*s + 4*x = 12, -5*s - 5*x = -x - 20. What is the units digit of s?
4
Suppose -13*n - 5*n + 6264 = 0. What is the tens digit of n?
4
Let n(g) be the first derivative of -7*g**2/2 + g - 12. Suppose t + 2 = 1. What is the units digit of n(t)?
8
Suppose 0 = 4*w - 6*w + 6. Suppose 21 = 2*z + 5*c, -3*z + 2*z = -5*c - w. What is the units digit of z?
8
Let g be (-3 - -6)*(3 - 2). Suppose g = 3*v - 3. What is the units digit of v?
2
Let s(k) = 3*k - 3. Let a(y) = -y**3 - 19*y**2 - y - 19. Let v be a(-19). Suppose 2*w = -5*q - 4, 5*q + 16 = 2*w - v*w. What is the units digit of s(w)?
6
Let i(b) = 984*b**2 + b. What is the units digit of i(1)?
5
Let t be (6/(-9))/((-8)/72). What is the units digit of -281*1/(-2) - 3/t?
0
What is the hundreds digit of 4/(-8) + 1955/10?
1
Suppose -24*r = -25*r + 553. What is the tens digit of r?
5
What is the tens digit of 4 + (-6 - (-4 + -521))?
2
Let g = -211 - -305. Let f = 51 - g. Let o = 80 + f. What is the tens digit of o?
3
Suppose -n + 8 = 3*n. Let p be 3/n*(-96)/(-18). What is the tens digit of p - -9 - (3 + -1)?
1
Let x(m) = m + 7. Suppose 0 = 3*n + 3*t + 42, -t + 56 = -4*n + 4*t. Let p be x(n). Let y = 38 + p. What is the tens digit of y?
3
Let p = 53 - 110. Let d = 198 + p. What is the tens digit of d?
4
Suppose 2*a - b - 2*b + 19 = 0, -5*b = 3*a - 19. Let z = 16 + -6. What is the units digit of a/z - 78/(-15)?
5
Let x = -616 + 1266. Suppose -4*z + 520 = -3*d, 5*z - 3*d - x = d. What is the tens digit of z?
3
Let j = -64 - -520. What is the tens digit of j?
5
Let w = -82 - -171. What is the tens digit of w?
8
Let s(z) = 21*z**2 + 2*z + 1. Let p be s(-1). Let b(r) = 5*r**2 - 2*r + 1. Let d be b(-1). Let o = p - d. What is the tens digit of o?
1
Suppose -z + 0 - 4 = 0, -4*b - 5*z = 16. Let i be (4/(-8))/(b/12). Let m = 11 + i. What is the units digit of m?
5
Let l = -28 + 33. Suppose -10 = 3*g - l*g. Suppose 5*c = 15 + g. What is the units digit of c?
4
Let t = 3058 - 1602. What is the tens digit of t?
5
Let t(a) = -6*a**2 - 6*a - 1. Let v be t(-1). Let l(w) = -49*w**3 + 7 - 2 - 4 - w**2. What is the tens digit of l(v)?
4
Suppose -271*f + 277*f = 3480. What is the units digit of f?
0
Suppose -2*b = b + 2*x - 1028, -4*b + 4*x = -1364. Suppose 165 = s - l, 0*s = -2*s - l + b. What is the units digit of s?
9
Suppose 0 = -h - 1 - 1. Let f be 14*(0 - (1 + h)). Suppose -2*z - 24 - f = -2*t, -4*t - 2*z + 100 = 0. What is the units digit of t?
3
Let w(n) = 12*n**2 + 3*n + 3. Let a = 21 + -18. Suppose 0 = a*l + 5 + 1. What is the tens digit of w(l)?
4
Let h = -11 + 15. Let a = h + 8. What is the tens digit of a?
1
Let u(g) = -g**3 - g**2 + g + 6. Let o = 37 + -37. What is the units digit of u(o)?
6
Let o = 887 - 547. What is the tens digit of o?
4
Let b be ((-12)/(-9))/(2/(-9)). Let y = -4 - b. Suppose 4*x + 5*j + 16 = 0, 2*x + y*j + 5 = -x. What is the units digit of x?
1
Suppose 0 = -32*u - 6*u + 180462. What is the hundreds digit of u?
7
Let a(q) = -30*q + 14. Let n(w) = 31*w - 14. Let u(b) = -3*a(b) - 4*n(b). What is the tens digit of u(-2)?
8
Let u be (8 + -4 + -1)*-1. What is the hundreds digit of 4*(-2)/(-4) + 119 + u?
1
What is the thousands digit of 2/(-6)*-3459 - (2 + 1)?
1
Suppose 2*j = 4*n - 1268, 0 = -0*n - n - j + 317. Suppose -8*l = -1629 + n. What is the units digit of l?
4
Suppose 4 = -u, 0 = z - 0*z - 4*u - 4. Let i(s) = s + 15. Let n be i(z). What is the tens digit of n/((-12)/10)*-10?
2
Suppose -4*d = -4*z - 324, 4*z = -2*d + 7*d - 405. Suppose 77*l = d*l - 16. What is the units digit of l?
4
Let z(t) = -t - 21 + 32*t**3 - 33*t**3 + 4*t + 4*t + 7*t**2. What is the units digit of z(7)?
8
Let a(h) = h + 9. Let r = 18 - 8. What is the units digit of a(r)?
9
Let p(x) = 39*x + 14. What is the thousands digit of p(30)?
1
Let d be 4/((-3)/(-18)*8). Suppose -d*f = -5*f + 6. What is the tens digit of (37 - f) + 0 - -3?
3
Let x(s) = 85*s + 3. Let j be x(5). Suppose -4*h + j = 112. What is the units digit of h?
9
Let p = -398 - -1010. What is the tens digit of p?
1
Let p = 561 + 473. What is the tens digit of p?
3
Let t(a) = -a**2 + 6*a - 3. Let v = -27 - -31. What is the units digit of t(v)?
5
Let s(k) = 4*k**2 + 3*k - 4. Let l be s(1). Suppose 0 = -l*v - 3*v + 246. What is the units digit of v?
1
Let a be ((-4)/((-16)/12))/(2 + -1). Suppose 3*u + 18 - 93 = -4*l, 2*u - 55 = -a*l. What is the tens digit of l?
1
Suppose 1 = -s + 4. Suppose 5*l - s*b - 202 = l, 5*l = -2*b + 241. What is the tens digit of l?
4
Le